{"id":14,"date":"2023-07-01T11:16:26","date_gmt":"2023-07-01T08:16:26","guid":{"rendered":"https:\/\/paadikula.ee\/test\/?page_id=14"},"modified":"2023-08-07T09:47:52","modified_gmt":"2023-08-07T06:47:52","slug":"refund_returns","status":"publish","type":"page","link":"https:\/\/paadikula.ee\/test\/refund_returns\/","title":{"rendered":"Broneerimistingimused"},"content":{"rendered":"<p>[vc_row][vc_column][vc_column_text]<strong>Broneerimistingimused<\/strong>:<\/p>\n<ul>\n<li>Broneering j\u00f5ustub ettemaksu t\u00e4htaegse tasumisega.<\/li>\n<li>Ettemaksu suuruseks on 100% ruumide maksumusest.<\/li>\n<li>Broneeringu kinnituse tasu ei ole tagastatav, kui t\u00fchistatamine toimub Saare Paadik\u00fclast mittes\u00f5ltuvatel p\u00f5hjusel.<\/li>\n<li>\u00dc\u00fcrides ruumi \u00f6\u00f6p\u00e4evaks on <strong>kliendil \u00f5igus \u00fc\u00fcritud ruume kasutada ajavahemikul 15.00 kuni 11.00 j\u00e4rgmisel p\u00e4eval<\/strong>.<\/li>\n<li>K\u00e4mpingutes ei v\u00f5i viibida rohkem inimesi, kui on eelnevalt kokku lepitud.<\/li>\n<li>Lemmikloomad on lubatud eelneval kokkuleppel.<\/li>\n<li>\u00dc\u00fcri hinna sees on voodilinad.<\/li>\n<li>Klient on kohustatud \u00fc\u00fcritud ruumide ja seal olevate asjade suhtes \u00fcles n\u00e4itama heaperemehelikkust. Klient vastutab \u00fc\u00fcriperioodil asjade ja ruumide s\u00e4ilimise eest<\/li>\n<li>Palume arvestada riiklikult kehtestatud <strong>\u00f6\u00f6rahuga, mis on n\u00e4dalavahetusel 00.00 ja n\u00e4dala sees 22.00<\/strong>. Siinjuures peame eelk\u00f5ige silmas valju muusikat v\u00f5i muul moel teiste k\u00fclaliste h\u00e4irimist. Kui korduva hoiatuse j\u00e4rgselt klient \u00f6\u00f6rahuga ei arvesta v\u00f5ib \u00fc\u00fcrileandja rakendada leppetrahvi kuni 200\u20ac.<\/li>\n<\/ul>\n<p><strong>Heakord<\/strong>:<\/p>\n<p>Saare Paadik\u00fcla territooriumil ei ole lubatud:<\/p>\n<ul>\n<li>Siseruumides suitsetamine, vesipiibu t\u00f5mbamine<\/li>\n<li>Suitsukonide ja prahi maha viskamine.<\/li>\n<li>V\u00e4ljas suitsetades tuleb suitsukonid asetada tuhatoosi<\/li>\n<li>Lahtise tule tegemine, kuuris asuvad puud on ainult sauna ja k\u00fcmblust\u00fcnni k\u00fctmiseks.<\/li>\n<li>Kasutada elektrilisi soojuskiirgureid ega muid suure elektritarbimisega kaasa v\u00f5etud seadmeid.<\/li>\n<li>Siseruumides viibimine v\u00e4lisjalatsitega<\/li>\n<li>Saunas vihtlemine (v.a.tehisvihad) ja aroomide lisamine leiliveele, \u00f5lu viskamine kerisele<\/li>\n<li>Voodite, tekkide ja patjade kasutamine ilma neile eelnevalt voodiriideid panemata<\/li>\n<\/ul>\n<ol>\n<li>Klient on kohustatud koristama endaga kaasa toodud toidu ja jookidega seonduvad j\u00e4\u00e4tmed.\u00a0Kui klient kasutab Saare Paadik\u00fcla k\u00f6\u00f6ki v\u00f5i muid tarbeid oma toidu valmistamiseks, on klient kohustatud kasutama k\u00f5ike heaperemehelikult ja endast j\u00e4tma asjad samasse seisukorda ja asukohta, mis need enne olid.<\/li>\n<li>Kui Saare Paadik\u00fcla ruume v\u00f5i territooriumi (suitsetatud siseruumides, oksendatud) on rikutud v\u00f5i eiratud muid broneerimistingimuste ja heakorra punkte, rakendub kompensatsioon 200\u20ac iga rikkumise kohta.\u00a0 Samuti tuleb Kliendil sel juhul h\u00fcvitada lisakoristuse ja rikutud inventari vahetuse\/taastamise arve.<\/li>\n<li>Kaotatud v\u00f5tme korral on h\u00fcvitis 30 eurot<\/li>\n<\/ol>\n<p>Saare Paadik\u00fcla ei vastuta Kliendile kuuluva vara eest, enne lahkumist palume veenduda, et k\u00f5ik vajalik on kaasas.<\/p>\n<p>Saare Paadik\u00fcla hoonetes\u00a0 ja territooriumil kohustub\u00a0 Klient j\u00e4rgima k\u00e4esolevat kodukorda, Eesti Vabariigi seadusandlust, head tava ja meie esindaja seaduslikke korraldusi.[\/vc_column_text][\/vc_column][\/vc_row]<\/p>\n","protected":false},"excerpt":{"rendered":"<p>[vc_row][vc_column][vc_column_text]Broneerimistingimused: Broneering j\u00f5ustub ettemaksu t\u00e4htaegse tasumisega. Ettemaksu suuruseks on 100% ruumide maksumusest. Broneeringu kinnituse tasu ei ole tagastatav, kui t\u00fchistatamine toimub Saare Paadik\u00fclast mittes\u00f5ltuvatel p\u00f5hjusel. \u00dc\u00fcrides ruumi \u00f6\u00f6p\u00e4evaks on kliendil \u00f5igus \u00fc\u00fcritud ruume kasutada ajavahemikul 15.00 kuni 11.00 j\u00e4rgmisel p\u00e4eval. K\u00e4mpingutes ei v\u00f5i viibida rohkem inimesi, kui on eelnevalt kokku lepitud. Lemmikloomad on lubatud eelneval<\/p>\n<a href=\"https:\/\/paadikula.ee\/test\/refund_returns\/\" class=\"sohohotel-more-link\">Read More<\/a>","protected":false},"author":1,"featured_media":680,"parent":0,"menu_order":0,"comment_status":"closed","ping_status":"closed","template":"","meta":{"footnotes":""},"class_list":["post-14","page","type-page","status-publish","has-post-thumbnail","hentry"],"_links":{"self":[{"href":"https:\/\/paadikula.ee\/test\/wp-json\/wp\/v2\/pages\/14","targetHints":{"allow":["GET"]}}],"collection":[{"href":"https:\/\/paadikula.ee\/test\/wp-json\/wp\/v2\/pages"}],"about":[{"href":"https:\/\/paadikula.ee\/test\/wp-json\/wp\/v2\/types\/page"}],"author":[{"embeddable":true,"href":"https:\/\/paadikula.ee\/test\/wp-json\/wp\/v2\/users\/1"}],"replies":[{"embeddable":true,"href":"https:\/\/paadikula.ee\/test\/wp-json\/wp\/v2\/comments?post=14"}],"version-history":[{"count":15,"href":"https:\/\/paadikula.ee\/test\/wp-json\/wp\/v2\/pages\/14\/revisions"}],"predecessor-version":[{"id":2967,"href":"https:\/\/paadikula.ee\/test\/wp-json\/wp\/v2\/pages\/14\/revisions\/2967"}],"wp:featuredmedia":[{"embeddable":true,"href":"https:\/\/paadikula.ee\/test\/wp-json\/wp\/v2\/media\/680"}],"wp:attachment":[{"href":"https:\/\/paadikula.ee\/test\/wp-json\/wp\/v2\/media?parent=14"}],"curies":[{"name":"wp","href":"https:\/\/api.w.org\/{rel}","templated":true}]}}